{"id":7711,"date":"2025-09-12T13:08:59","date_gmt":"2025-09-12T11:08:59","guid":{"rendered":"https:\/\/sinfoniavarsovia.org\/sklep\/?post_type=product&#038;p=7711"},"modified":"2026-04-20T12:52:52","modified_gmt":"2026-04-20T10:52:52","slug":"torba-2025","status":"publish","type":"product","link":"https:\/\/sinfoniavarsovia.org\/sklep\/produkt\/torba-2025\/","title":{"rendered":"Torba Szalone Dni Muzyki 2025"},"content":{"rendered":"<p>Materia\u0142owa torba z identyfikacj\u0105 festiwalu Szalone Dni Muzyki 2025: kiesze\u0144 zewn\u0119trzna, kolor czarny, uchwyty niebieskie.<\/p>\n<p>Wymiary: 51&#215;35<\/p>\n<p>D\u0142ugo\u015b\u0107 uchwytu: 69 cm<\/p>\n<p>&nbsp;<\/p>\n","protected":false},"excerpt":{"rendered":"<p>Materia\u0142owa torba z identyfikacj\u0105 festiwalu Szalone Dni Muzyki 2025: kiesze\u0144 zewn\u0119trzna, kolor czarny, uchwyty niebieskie. Wymiary: 51&#215;35 D\u0142ugo\u015b\u0107 uchwytu: 69 cm &nbsp;<\/p>\n","protected":false},"featured_media":7720,"template":"","meta":[],"product_cat":[7,36],"product_tag":[],"_links":{"self":[{"href":"https:\/\/sinfoniavarsovia.org\/sklep\/wp-json\/wp\/v2\/product\/7711"}],"collection":[{"href":"https:\/\/sinfoniavarsovia.org\/sklep\/wp-json\/wp\/v2\/product"}],"about":[{"href":"https:\/\/sinfoniavarsovia.org\/sklep\/wp-json\/wp\/v2\/types\/product"}],"wp:featuredmedia":[{"embeddable":true,"href":"https:\/\/sinfoniavarsovia.org\/sklep\/wp-json\/wp\/v2\/media\/7720"}],"wp:attachment":[{"href":"https:\/\/sinfoniavarsovia.org\/sklep\/wp-json\/wp\/v2\/media?parent=7711"}],"wp:term":[{"taxonomy":"product_cat","embeddable":true,"href":"https:\/\/sinfoniavarsovia.org\/sklep\/wp-json\/wp\/v2\/product_cat?post=7711"},{"taxonomy":"product_tag","embeddable":true,"href":"https:\/\/sinfoniavarsovia.org\/sklep\/wp-json\/wp\/v2\/product_tag?post=7711"}],"curies":[{"name":"wp","href":"https:\/\/api.w.org\/{rel}","templated":true}]}}

<p>Materiałowa torba z identyfikacją festiwalu Szalone Dni Muzyki 2025: kieszeń zewnętrzna, kolor czarny, uchwyty niebieskie.</p>
<p>Wymiary: 51&#215;35</p>
<p>Długość uchwytu: 69 cm</p>
<p>&nbsp;</p>

<p>Materiałowa torba z identyfikacją festiwalu Szalone Dni Muzyki 2025: kieszeń zewnętrzna, kolor czarny, uchwyty niebieskie. Wymiary: 51&#215;35 Długość uchwytu: 69 cm &nbsp;</p>
