{"id":734,"date":"2019-09-24T09:03:25","date_gmt":"2019-09-24T07:03:25","guid":{"rendered":"http:\/\/sklep.estinet.atthouse.pl\/?post_type=product&#038;p=734"},"modified":"2025-05-17T21:10:03","modified_gmt":"2025-05-17T19:10:03","slug":"3945-vol-3","status":"publish","type":"product","link":"https:\/\/sinfoniavarsovia.org\/sklep\/produkt\/3945-vol-3\/","title":{"rendered":"39\u201945 vol.3"},"content":{"rendered":"<p><strong><u>Utwory<\/u><\/strong><\/p>\n<p><strong>Mieczys\u0142aw Weinberg\u00a0\u00a0<\/strong>Koncert wiolonczelowy op. 43\u00a0\u00a0 (1948)*<br \/>\n<strong style=\"font-style: inherit;\">Andrzej Panufnik<\/strong>\u00a0Sinfonia Elegiaca\u00a0 (II Symfonia) (1957, 1966)**<br \/>\n<strong style=\"font-style: inherit;\">Andrzej\u00a0 Czajkowski<\/strong>\u00a0II Koncert fortepianowy op. 4 (1966-1971)**<\/p>\n<p><strong><u>Wykonawcy<\/u><\/strong><\/p>\n<p><strong>Marcel Markowski<\/strong>\u00a0wiolonczela<br \/>\n<strong style=\"font-style: inherit;\">Maciej Grzybowski<\/strong>\u00a0fortepian<br \/>\n<strong style=\"font-style: inherit;\">Sinfonia Varsovia<\/strong><br \/>\n*\u00a0<strong style=\"font-style: inherit;\">Jerzy Maksymiuk<\/strong>\u00a0dyrygent<br \/>\n**<strong style=\"font-style: inherit;\">Jacek Kaspszyk\u00a0<\/strong>dyrygent\u00a0<\/p>\n<p>Orkiestra Sinfonia Varsovia \/ Warner Classics<\/p>\n<p>2018<\/p>\n<h6 class=\"photo\">Wydawc\u0105 utwor\u00f3w Mieczys\u0142awa Weinberga jest wydawnictwo Peermusic Classical GmbH<\/h6>\n<h6 class=\"photo\">Wydawc\u0105 utwor\u00f3w Andrzeja Panufnika jest wydawnictwo Boosey &amp; Hawkes Music Publishers Limited<\/h6>\n<h6 class=\"photo\">Wydawc\u0105 utwor\u00f3w Andre Czajkowskiego jest wydawnictwo Josef Weinberger Ltd.<\/h6>\n","protected":false},"excerpt":{"rendered":"<p>Utwory Mieczys\u0142aw Weinberg\u00a0\u00a0Koncert wiolonczelowy op. 43\u00a0\u00a0 (1948)* Andrzej Panufnik\u00a0Sinfonia Elegiaca\u00a0 (II Symfonia) (1957, 1966)** Andrzej\u00a0 Czajkowski\u00a0II Koncert fortepianowy op. 4 (1966-1971)** Wykonawcy Marcel Markowski\u00a0wiolonczela Maciej Grzybowski\u00a0fortepian Sinfonia Varsovia *\u00a0Jerzy Maksymiuk\u00a0dyrygent **Jacek Kaspszyk\u00a0dyrygent\u00a0 Orkiestra Sinfonia Varsovia \/ Warner Classics 2018 Wydawc\u0105 utwor\u00f3w Mieczys\u0142awa Weinberga jest wydawnictwo Peermusic Classical GmbH Wydawc\u0105 utwor\u00f3w Andrzeja Panufnika jest wydawnictwo Boosey [&hellip;]<\/p>\n","protected":false},"featured_media":0,"template":"","meta":[],"product_cat":[49,36],"product_tag":[],"_links":{"self":[{"href":"https:\/\/sinfoniavarsovia.org\/sklep\/wp-json\/wp\/v2\/product\/734"}],"collection":[{"href":"https:\/\/sinfoniavarsovia.org\/sklep\/wp-json\/wp\/v2\/product"}],"about":[{"href":"https:\/\/sinfoniavarsovia.org\/sklep\/wp-json\/wp\/v2\/types\/product"}],"wp:attachment":[{"href":"https:\/\/sinfoniavarsovia.org\/sklep\/wp-json\/wp\/v2\/media?parent=734"}],"wp:term":[{"taxonomy":"product_cat","embeddable":true,"href":"https:\/\/sinfoniavarsovia.org\/sklep\/wp-json\/wp\/v2\/product_cat?post=734"},{"taxonomy":"product_tag","embeddable":true,"href":"https:\/\/sinfoniavarsovia.org\/sklep\/wp-json\/wp\/v2\/product_tag?post=734"}],"curies":[{"name":"wp","href":"https:\/\/api.w.org\/{rel}","templated":true}]}}